Is 9763307 a multiple of 38?
False
Is 171 a factor of 404928?
True
Does 8 divide 1070508?
False
Does 316 divide 240328?
False
Is 1466965 a multiple of 11?
False
Is 44 a factor of 9476340?
False
Is 13 a factor of 6141?
False
Is 67280 a multiple of 8?
True
Does 9 divide 164889?
True
Is 2649 a factor of 19562865?
True
Does 23 divide 3324054?
False
Is 171817 a multiple of 121?
False
Is 129 a factor of 1404840?
False
Is 5 a factor of 517675?
True
Is 8095944 a multiple of 6?
True
Is 15 a factor of 84900?
True
Is 166 a factor of 385618?
True
Is 2610 a multiple of 174?
True
Is 8 a factor of 105776?
True
Is 31 a factor of 2760817?
False
Is 6 a factor of 77924?
False
Is 286589 a multiple of 9?
False
Is 131 a factor of 532915?
False
Is 917527 a multiple of 188?
False
Is 54 a factor of 29106?
True
Does 27 divide 12794085?
True
Is 134260 a multiple of 137?
True
Does 16 divide 10563792?
True
Is 234 a factor of 65234?
False
Is 220 a factor of 2946544?
False
Does 86 divide 2452204?
True
Is 949978 a multiple of 20?
False
Is 308139 a multiple of 39?
True
Is 1736749 a multiple of 40?
False
Is 161 a factor of 68857?
False
Is 24 a factor of 2977752?
True
Is 6495348 a multiple of 1539?
False
Is 28 a factor of 1127700?
True
Is 162940 a multiple of 10?
True
Does 49 divide 381122?
True
Is 7617064 a multiple of 52?
True
Is 100 a factor of 39050100?
True
Does 3 divide 198126?
True
Is 1060 a factor of 2572567?
False
Is 27694 a multiple of 61?
True
Is 1414660 a multiple of 13?
True
Is 230975 a multiple of 48?
False
Is 28161 a multiple of 149?
True
Is 13 a factor of 112879?
True
Is 10 a factor of 141697?
False
Is 36 a factor of 340416?
True
Is 5451584 a multiple of 1648?
True
Does 17 divide 11662?
True
Is 2917051 a multiple of 161?
False
Is 748582 a multiple of 15?
False
Does 854 divide 2000922?
True
Does 25 divide 164704?
False
Does 15 divide 296445?
True
Is 620 a factor of 201202?
False
Is 12 a factor of 1799160?
True
Is 49335 a multiple of 195?
True
Is 5 a factor of 5075?
True
Is 350 a factor of 179350?
False
Is 7 a factor of 64337?
True
Is 9 a factor of 35568?
True
Is 23 a factor of 162435?
False
Is 1038872 a multiple of 568?
True
Is 10 a factor of 792458?
False
Is 19 a factor of 37591?
False
Does 710 divide 1051664?
False
Does 462 divide 279460?
False
Is 13 a factor of 8723988?
True
Is 273677 a multiple of 23?
True
Is 4438391 a multiple of 13?
False
Is 11 a factor of 2044647?
True
Is 78 a factor of 280219?
False
Is 1305282 a multiple of 1153?
False
Does 27 divide 5670?
True
Does 3 divide 178108?
False
Does 57 divide 238944?
True
Does 67 divide 187667?
True
Is 70848 a multiple of 12?
True
Is 508 a factor of 248142?
False
Does 31 divide 1140716?
False
Is 1314445 a multiple of 902?
False
Is 1748805 a multiple of 40?
False
Is 576 a multiple of 16?
True
Does 447 divide 254661?
False
Is 18 a factor of 416267?
False
Is 354144 a multiple of 13?
False
Is 2280 a factor of 10927844?
False
Is 79 a factor of 18555899?
False
Is 1604564 a multiple of 13?
True
Is 5563 a multiple of 6?
False
Does 160 divide 611696?
False
Is 51204 a multiple of 233?
False
Does 373 divide 2240038?
False
Is 15 a factor of 177081?
False
Does 11 divide 22770?
True
Is 9117440 a multiple of 680?
True
Is 27 a factor of 3679381?
False
Is 484881 a multiple of 524?
False
Is 940070 a multiple of 10?
True
Is 157 a factor of 178980?
True
Is 48 a factor of 11952?
True
Is 40 a factor of 85872?
False
Is 692 a factor of 6122124?
True
Is 231 a factor of 360360?
True
Does 124 divide 331051?
False
Does 24 divide 4192689?
False
Is 65273 a multiple of 210?
False
Does 519 divide 513291?
True
Is 1523 a factor of 16250410?
True
Does 47 divide 29550?
False
Does 1065 divide 1882355?
False
Does 116 divide 2132462?
False
Is 195807 a multiple of 13?
False
Is 111491 a multiple of 11?
False
Is 98100 a multiple of 105?
False
Is 95 a factor of 201948?
False
Is 1255030 a multiple of 24?
False
Does 99 divide 58311?
True
Does 52 divide 14925296?
False
Is 35 a factor of 64530?
False
Is 20773 a multiple of 260?
False
Does 22 divide 1975969?
False
Does 13 divide 244653?
False
Does 9 divide 14235?
False
Does 15 divide 3909361?
False
Does 28 divide 518071?
False
Is 45 a factor of 144675?
True
Is 13 a factor of 36682763?
True
Is 342 a factor of 519840?
True
Is 4 a factor of 1276337?
False
Is 37224 a multiple of 99?
True
Is 43 a factor of 10153719?
True
Does 252 divide 16731288?
True
Is 654224 a multiple of 31?
True
Is 1375645 a multiple of 43?
False
Is 2 a factor of 308815?
False
Does 37 divide 11420?
False
Does 126 divide 528066?
True
Is 48440 a multiple of 346?
True
Is 38 a factor of 975726?
True
Is 3 a factor of 1770402?
True
Is 103275 a multiple of 168?
False
Does 3 divide 16413?
True
Is 294743 a multiple of 11?
False
Does 82 divide 331716?
False
Is 507 a factor of 424344?
False
Does 8 divide 1623264?
True
Is 15015624 a multiple of 228?
True
Is 1009120 a multiple of 10?
True
Is 65 a factor of 181935?
True
Does 2 divide 234926?
True
Is 121625 even?
False
Is 897 a factor of 730158?
True
Is 1030694 a multiple of 7?
True
Is 126 a factor of 4523526?
True
Is 420839 a multiple of 382?
False
Is 27426 a multiple of 12?
False
Does 37 divide 195217?
False
Is 407069 a multiple of 338?
False
Is 267 a factor of 289161?
True
Is 76128 a multiple of 8?
True
Does 21 divide 772632?
True
Is 18 a factor of 47561?
False
Does 16 divide 2470096?
True
Does 6 divide 5766894?
True
Does 692 divide 9783602?
False
Is 254 a factor of 12921742?
True
Is 6048 a multiple of 16?
True
Is 16807528 a multiple of 22?
False
Is 3 a factor of 501957?
True
Is 9399108 a multiple of 48?
False
Does 24 divide 2233464?
True
Is 235421 a multiple of 4?
False
Is 169 a factor of 805471?
False
Is 121 a factor of 10819?
False
Is 1067058 a multiple of 9?
True
Is 21572 a multiple of 4?
True
Is 129795 a multiple of 131?
False
Is 246245 a multiple of 85?
True
Is 266253 a multiple of 26?
False
Is 15 a factor of 6182736?
False
Does 5 divide 57095?
True
Is 5709983 a multiple of 31?
True
Is 72 a factor of 308232?
True
Is 7352 a multiple of 27?
False
Does 28 divide 19565?
False
Does 62 divide 243685?
False
Is 370775 a multiple of 84?
False
Is 169947 a multiple of 26?
False
Is 556920 a multiple of 765?
True
Does 13 divide 67226?
False
Is 1498201 a multiple of 20?
False
Does 762 divide 418338?
True
Does 9 divide 148950?
True
Is 27892031 a multiple of 14?
False
Does 395 divide 123305?
False
Is 14 a factor of 8666?
True
Is 624096 a multiple of 591?
True
Is 3935880 a multiple of 20?
True
Is 11 a factor of 29626?
False
Is 27 a factor of 83538?
True
Does 6 divide 21864?
True
Is 88 a factor of 1995231?
False
Is 1039 a factor of 2316970?
True
Is 308 a factor of 698244?
False
Is 38 a factor of 2141649?
False
Is 25 a factor of 179000?
True
Is 75 a factor of 996525?
True
Is 221 a factor of 148070?
True
Does 29 divide 7979600?
False
Is 302975 a multiple of 5?
True
Does 130 divide 554334?
False
Does 1333 divide 8118915?
False
Is 431565 a multiple of 23?
False
Is 9 a factor of 725195?
False
Is 62338 a multiple of 89?
False
Does 8 divide 5890392?
True
Is 6710583 a multiple of 11?
True
Is 197670 a multiple of 55?
True
Is 2 a factor of 56571?
False
Is 80517 a multiple of 246?
False
Is 5143040 a multiple of 10?
True
Does 14 divide 161322?
True
Is 14 a factor of 616280?
True
Does 16 divide 264196?
False
Is 20 a factor of 2541232?
False
Is 37782 a multiple of 115?
False
Is 77850 a multiple of 450?
True
Is 6754 a multiple of 11?
True
Does 470 divide 249129?
False
Is 1582574 even?
True
Is 10 a factor of 4047300?
True
Is 7999 a multiple of 19?
True
Is 11 a factor of 8554401?
False
Does 20 divide 1968300?
True
Does 7 divide 3079274?
False
Is 63 a factor of 851086?
False
Is 563291 a multiple of 167?
True
Does 13 divide 1630486?
True
Is 123 a factor of 5109086?
False
Is 55048 even?
True
Is 69804 a multiple of 36?
True
Is 41 a factor of 171416?
False
Is 86 a factor of 922278?
False
Is 243251 a multiple of 193?
False
Does 215 divide 172900?
False
Does 17 divide 174910?
False
Does 30 divide 573600?
True
Does 853 divide 9930574?
False
Is 1236587 a multiple of 360?
False
Does 3 divide 327946?
False
Does 46 divide 1577126?
False
Does 63 divide 234108?
True
Does 166 divide 1286500?
True
Does 27 divide 886140?
True
Is 39 a factor of